by 23.
6
Calculate the remainder when 948 is divided by 50.
48
Calculate the remainder when 209 is divided by 7.
6
What is the remainder when 435 is divided by 95?
55
What is the remainder when 26 is divided by 6?
2
What is the remainder when 246 is divided by 67?
45
What is the remainder when 69 is divided by 35?
34
What is the remainder when 13621 is divided by 454?
1
Calculate the remainder when 33478 is divided by 90.
88
Calculate the remainder when 154 is divided by 31.
30
Calculate the remainder when 655 is divided by 132.
127
What is the remainder when 175 is divided by 34?
5
What is the remainder when 87 is divided by 19?
11
Calculate the remainder when 315 is divided by 16.
11
Calculate the remainder when 107 is divided by 11.
8
Calculate the remainder when 68 is divided by 61.
7
Calculate the remainder when 82 is divided by 50.
32
What is the remainder when 185 is divided by 88?
9
What is the remainder when 3916 is divided by 14?
10
What is the remainder when 4270 is divided by 8?
6
Calculate the remainder when 35 is divided by 17.
1
Calculate the remainder when 2804 is divided by 108.
104
What is the remainder when 524 is divided by 10?
4
What is the remainder when 5044 is divided by 29?
27
What is the remainder when 373 is divided by 56?
37
What is the remainder when 222 is divided by 8?
6
Calculate the remainder when 153 is divided by 119.
34
Calculate the remainder when 3058 is divided by 23.
22
Calculate the remainder when 775 is divided by 37.
35
Calculate the remainder when 81 is divided by 40.
1
Calculate the remainder when 2864 is divided by 47.
44
What is the remainder when 80 is divided by 55?
25
What is the remainder when 1050 is divided by 31?
27
Calculate the remainder when 468 is divided by 22.
6
What is the remainder when 2197 is divided by 22?
19
What is the remainder when 170 is divided by 164?
6
What is the remainder when 98 is divided by 31?
5
What is the remainder when 265 is divided by 37?
6
Calculate the remainder when 81 is divided by 19.
5
Calculate the remainder when 145 is divided by 80.
65
What is the remainder when 177 is divided by 33?
12
Calculate the remainder when 90 is divided by 46.
44
Calculate the remainder when 21537 is divided by 121.
120
What is the remainder when 8182 is divided by 44?
42
Calculate the remainder when 1717 is divided by 2.
1
Calculate the remainder when 5969 is divided by 58.
53
Calculate the remainder when 336 is divided by 75.
36
Calculate the remainder when 189 is divided by 34.
19
Calculate the remainder when 53 is divided by 8.
5
What is the remainder when 1246 is divided by 35?
21
What is the remainder when 68 is divided by 38?
30
What is the remainder when 992 is divided by 37?
30
Calculate the remainder when 2673 is divided by 25.
23
What is the remainder when 930 is divided by 78?
72
Calculate the remainder when 172 is divided by 18.
10
What is the remainder when 54 is divided by 52?
2
Calculate the remainder when 1156 is divided by 40.
36
What is the remainder when 291 is divided by 73?
72
What is the remainder when 393 is divided by 79?
77
What is the remainder when 517 is divided by 16?
5
Calculate the remainder when 289 is divided by 121.
47
What is the remainder when 486 is divided by 8?
6
Calculate the remainder when 2479 is divided by 54.
49
Calculate the remainder when 3825 is divided by 12.
9
Calculate the remainder when 433 is divided by 62.
61
Calculate the remainder when 1052 is divided by 119.
100
Calculate the remainder when 43 is divided by 15.
13
What is the remainder when 37 is divided by 5?
2
Calculate the remainder when 316 is divided by 40.
36
What is the remainder when 1903 is divided by 36?
31
Calculate the remainder when 155 is divided by 35.
15
Calculate the remainder when 1358 is divided by 80.
78
What is the remainder when 637 is divided by 95?
67
What is the remainder when 68 is divided by 6?
2
Calculate the remainder when 230 is divided by 59.
53
What is the remainder when 6369 is divided by 27?
24
Calculate the remainder when 219 is divided by 42.
9
Calculate the remainder when 637 is divided by 58.
57
What is the remainder when 147 is divided by 136?
11
What is the remainder when 272 is divided by 19?
6
What is the remainder when 170 is divided by 33?
5
Calculate the remainder when 770 is divided by 25.
20
What is the remainder when 997 is divided by 112?
101
What is the remainder when 342 is divided by 339?
3
Calculate the remainder when 138 is divided by 38.
24
Calculate the remainder when 60 is divided by 24.
12
What is the remainder when 175 is divided by 57?
4
Calculate the remainder when 2017 is divided by 42.
1
Calculate the remainder when 1813 is divided by 126.
49
Calculate the remainder when 92 is divided by 24.
20
Calculate the remainder when 7815 is divided by 41.
25
Calculate the remainder when 281 is divided by 277.
4
What is the remainder when 242 is divided by 25?
17
What is the remainder when 230 is divided by 91?
48
Calculate the remainder when 475 is divided by 121.
112
What is the remainder when 461 is divided by 127?
80
What is the remainder when 183 is divided by 89?
5
What is the remainder when 95 is divided by 45?
5
Calculate the remainder when 116 is divided by 37.
5
Calculate the remainder when 128 is divided by 33.
29
What is the remainder when 89 is divided by 20?
9
What is the remainder when 1118 is divided by 47?
37
What is the remainder when 1739 is divided by 87?
86
Calculate the remainder when 4277 is divided by 55.
42
What is the remainder when 849 is divided by 94?
3
Calculate the remainder when 61 is divided by 26.
9
What is the remainder when 146 is divided by 43?
17
What is the remainder when 1206 is divided by 110?
106
Calculate the remainder when 327 is divided by 11.
8
What is the remainder when 19259 is divided by 17?
15
Calculate the remainder when 720 is divided by 236.
12
What is the remainder when 338 is divided by 13?
0
What is the remainder when 56 is divided by 23?
10
What is the remainder when 32 is divided by 6?
2
What is the remainder when 100 is divided by 43?
14
What is the remainder when 396 is divided by 79?
1
What is the remainder when 1237 is divided by 62?
59
Calculate the remainder when 172 is divided by 30.
22
Calculate the remainder when 140 is divided by 71.
69
What is the remainder when 1657 is divided by 174?
91
Calculate the remainder when 67 is divided by 61.
6
What is the remainder when 23 is divided by 19?
4
Calculate the remainder when 254 is divided by 181.
73
What is the remainder when 789 is divided by 79?
78
Calculate the remainder when 240 is divided by 22.
20
What is the remainder when 3569 is divided by 119?
118
Calculate the remainder when 258 is divided by 135.
123
What is the remainder when 30 is divided by 7?
2
What is the remainder when 1269 is divided by 4?
1
Calculate the remainder when 582 is divided by 39.
36
Calculate the remainder when 2096 is divided by 100.
96
Calculate the remainder when 195 is divided by 28.
27
Calculate the remainder when 294 is divided by 9.
6
Calculate the remainder when 75 is divided by 34.
7
What is the remainder when 147 is divided by 19?
14
What is the remainder when 7218 is divided by 87?
84
Calculate the remainder when 471 is divided by 150.
21
What is the remainder when 1227 is divided by 59?
47
What is the remainder when 417 is divided by 22?
21
What is the remainder when 191 is divided by 20?
11
Calculate the remainder when 738 is divided by 20.
18
Calculate the remainder when 1322 is divided by 27.
26
Calculate the remainder when 927 is divided by 105.
87
What is the remainder when 327 is divided by 21?
12
Calculate the remainder when 15308 is divided by 81.
80
What is the remainder when 321 is divided by 22?
13
What is the remainder when 254 is divided by 65?
59
Calculate the remainder when 163 is divided by 117.
46
What is the remainder when 1122 is divided by 45?
42
Calculate the remainder when 74 is divided by 28.
18
What is the remainder when 3329 is divided by 14?
11
Calculate the remainder when 304 is divided by 104.
96
What is the remainder when 64 is divided by 48?
16
What is the remainder when 1061 is divided by 77?
60
What is the remainder when 92 is divided by 43?
6
What is the remainder when 264 is div